[INFO] cloning repository https://github.com/ErnWong/i-tried-learning-yew-rust-but-got-transported-to-another-world-and-reincarnated-as-a-shogi-board
[INFO] running `Command { std: "git" "-c" "credential.helper=" "-c" "credential.helper=/workspace/cargo-home/bin/git-credential-null" "clone" "--bare" "https://github.com/ErnWong/i-tried-learning-yew-rust-but-got-transported-to-another-world-and-reincarnated-as-a-shogi-board" "/workspace/cache/git-repos/https%3A%2F%2Fgithub.com%2FErnWong%2Fi-tried-learning-yew-rust-but-got-transported-to-another-world-and-reincarnated-as-a-shogi-board", kill_on_drop: false }`
[INFO] [stderr] Cloning into bare repository '/workspace/cache/git-repos/https%3A%2F%2Fgithub.com%2FErnWong%2Fi-tried-learning-yew-rust-but-got-transported-to-another-world-and-reincarnated-as-a-shogi-board'...
[INFO] running `Command { std: "git" "rev-parse" "HEAD", kill_on_drop: false }`
[INFO] [stdout] 2ce98c9b5630f29184cfec49988730ffd7065111
[INFO] checking ErnWong/i-tried-learning-yew-rust-but-got-transported-to-another-world-and-reincarnated-as-a-shogi-board against master#9610dfe5a9a731ced1ea4923ecbd0c57fe367898 for beta-170-4
[INFO] running `Command { std: "git" "clone" "/workspace/cache/git-repos/https%3A%2F%2Fgithub.com%2FErnWong%2Fi-tried-learning-yew-rust-but-got-transported-to-another-world-and-reincarnated-as-a-shogi-board" "/workspace/builds/worker-1-tc1/source", kill_on_drop: false }`
[INFO] [stderr] Cloning into '/workspace/builds/worker-1-tc1/source'...
[INFO] [stderr] done.
[INFO] validating manifest of git repo https://github.com/ErnWong/i-tried-learning-yew-rust-but-got-transported-to-another-world-and-reincarnated-as-a-shogi-board on toolchain 9610dfe5a9a731ced1ea4923ecbd0c57fe367898
[INFO] running `Command { std: CARGO_HOME="/workspace/cargo-home" RUSTUP_HOME="/workspace/rustup-home" "/workspace/cargo-home/bin/cargo" "+9610dfe5a9a731ced1ea4923ecbd0c57fe367898" "metadata" "--manifest-path" "Cargo.toml" "--no-deps", kill_on_drop: false }`
[INFO] removed /workspace/builds/worker-1-tc1/source/.cargo/config.toml
[INFO] removed /workspace/builds/worker-1-tc1/source/rust-toolchain
[INFO] started tweaking git repo https://github.com/ErnWong/i-tried-learning-yew-rust-but-got-transported-to-another-world-and-reincarnated-as-a-shogi-board
[INFO] finished tweaking git repo https://github.com/ErnWong/i-tried-learning-yew-rust-but-got-transported-to-another-world-and-reincarnated-as-a-shogi-board
[INFO] tweaked toml for git repo https://github.com/ErnWong/i-tried-learning-yew-rust-but-got-transported-to-another-world-and-reincarnated-as-a-shogi-board written to /workspace/builds/worker-1-tc1/source/Cargo.toml
[INFO] crate git repo https://github.com/ErnWong/i-tried-learning-yew-rust-but-got-transported-to-another-world-and-reincarnated-as-a-shogi-board already has a lockfile, it will not be regenerated
[INFO] running `Command { std: CARGO_HOME="/workspace/cargo-home" RUSTUP_HOME="/workspace/rustup-home" "/workspace/cargo-home/bin/cargo" "+9610dfe5a9a731ced1ea4923ecbd0c57fe367898" "fetch" "--manifest-path" "Cargo.toml", kill_on_drop: false }`
[INFO] [stderr]     Updating crates.io index
[INFO] [stderr]  Downloading crates ...
[INFO] [stderr]   Downloaded gloo-storage v0.1.0
[INFO] [stderr]   Downloaded bitintr v0.3.0
[INFO] [stderr]   Downloaded shogi v0.10.2
[INFO] [stderr]   Downloaded gloo-console v0.1.0
[INFO] [stderr]   Downloaded gloo-dialogs v0.1.0
[INFO] [stderr]   Downloaded gloo-render v0.1.0
[INFO] [stderr]   Downloaded gloo v0.3.0
[INFO] running `Command { std: "docker" "create" "-v" "/var/lib/crater-agent-workspace/builds/worker-1-tc1/target:/opt/rustwide/target:rw,Z" "-v" "/var/lib/crater-agent-workspace/builds/worker-1-tc1/source:/opt/rustwide/workdir:ro,Z" "-v" "/var/lib/crater-agent-workspace/cargo-home:/opt/rustwide/cargo-home:ro,Z" "-v" "/var/lib/crater-agent-workspace/rustup-home:/opt/rustwide/rustup-home:ro,Z" "-e" "SOURCE_DIR=/opt/rustwide/workdir" "-e" "CARGO_TARGET_DIR=/opt/rustwide/target" "-e" "CARGO_HOME=/opt/rustwide/cargo-home" "-e" "RUSTUP_HOME=/opt/rustwide/rustup-home" "-w" "/opt/rustwide/workdir" "-m" "1610612736" "--user" "0:0" "--network" "none" "ghcr.io/rust-lang/crates-build-env/linux@sha256:19e73879b68f455e41552ea35293514db52ea292d993f571636dbffedb77a1ee" "/opt/rustwide/cargo-home/bin/cargo" "+9610dfe5a9a731ced1ea4923ecbd0c57fe367898" "metadata" "--no-deps" "--format-version=1", kill_on_drop: false }`
[INFO] [stdout] 0644f140e8ffbdf706274ca33319a69ad09eb562c1586a7cf20597cf685a0408
[INFO] running `Command { std: "docker" "start" "-a" "0644f140e8ffbdf706274ca33319a69ad09eb562c1586a7cf20597cf685a0408", kill_on_drop: false }`
[INFO] running `Command { std: "docker" "inspect" "0644f140e8ffbdf706274ca33319a69ad09eb562c1586a7cf20597cf685a0408", kill_on_drop: false }`
[INFO] running `Command { std: "docker" "rm" "-f" "0644f140e8ffbdf706274ca33319a69ad09eb562c1586a7cf20597cf685a0408", kill_on_drop: false }`
[INFO] [stdout] 0644f140e8ffbdf706274ca33319a69ad09eb562c1586a7cf20597cf685a0408
[INFO] running `Command { std: "docker" "create" "-v" "/var/lib/crater-agent-workspace/builds/worker-1-tc1/target:/opt/rustwide/target:rw,Z" "-v" "/var/lib/crater-agent-workspace/builds/worker-1-tc1/source:/opt/rustwide/workdir:ro,Z" "-v" "/var/lib/crater-agent-workspace/cargo-home:/opt/rustwide/cargo-home:ro,Z" "-v" "/var/lib/crater-agent-workspace/rustup-home:/opt/rustwide/rustup-home:ro,Z" "-e" "SOURCE_DIR=/opt/rustwide/workdir" "-e" "CARGO_TARGET_DIR=/opt/rustwide/target" "-e" "CARGO_INCREMENTAL=0" "-e" "RUST_BACKTRACE=full" "-e" "RUSTFLAGS=--cap-lints=forbid" "-e" "RUSTDOCFLAGS=--cap-lints=forbid" "-e" "CARGO_HOME=/opt/rustwide/cargo-home" "-e" "RUSTUP_HOME=/opt/rustwide/rustup-home" "-w" "/opt/rustwide/workdir" "-m" "1610612736" "--user" "0:0" "--network" "none" "ghcr.io/rust-lang/crates-build-env/linux@sha256:19e73879b68f455e41552ea35293514db52ea292d993f571636dbffedb77a1ee" "/opt/rustwide/cargo-home/bin/cargo" "+9610dfe5a9a731ced1ea4923ecbd0c57fe367898" "check" "--frozen" "--all" "--all-targets" "--message-format=json", kill_on_drop: false }`
[INFO] [stdout] c52c757ea22e8728a910a9225f7e8de7fe5c93a8bc7b797204f3da5b0f2e96dd
[INFO] running `Command { std: "docker" "start" "-a" "c52c757ea22e8728a910a9225f7e8de7fe5c93a8bc7b797204f3da5b0f2e96dd", kill_on_drop: false }`
[INFO] [stderr]    Compiling syn v1.0.77
[INFO] [stderr]    Compiling wasm-bindgen-shared v0.2.78
[INFO] [stderr]    Compiling bumpalo v3.7.1
[INFO] [stderr]    Compiling serde_json v1.0.68
[INFO] [stderr]    Compiling wasm-bindgen v0.2.78
[INFO] [stderr]    Compiling libc v0.2.103
[INFO] [stderr]    Compiling anyhow v1.0.44
[INFO] [stderr]    Compiling bitintr v0.3.0
[INFO] [stderr]    Compiling boolinator v2.4.0
[INFO] [stderr]    Compiling log v0.4.14
[INFO] [stderr]    Compiling yew v0.18.0
[INFO] [stderr]     Checking itertools v0.10.1
[INFO] [stderr]     Checking http v0.2.5
[INFO] [stderr]     Checking anymap v0.12.1
[INFO] [stderr]     Checking cfg-match v0.2.1
[INFO] [stderr]     Checking getrandom v0.2.3
[INFO] [stderr]     Checking rand_core v0.6.3
[INFO] [stderr]     Checking shogi v0.10.2
[INFO] [stderr]     Checking rand_chacha v0.3.1
[INFO] [stderr]     Checking rand v0.8.4
[INFO] [stderr]    Compiling wasm-bindgen-backend v0.2.78
[INFO] [stderr]    Compiling serde_derive v1.0.130
[INFO] [stderr]    Compiling thiserror-impl v1.0.29
[INFO] [stderr]    Compiling yew-macro v0.18.0
[INFO] [stderr]    Compiling wasm-bindgen-macro-support v0.2.78
[INFO] [stderr]    Compiling wasm-bindgen-macro v0.2.78
[INFO] [stderr]     Checking thiserror v1.0.29
[INFO] [stderr]     Checking serde v1.0.130
[INFO] [stderr]     Checking bincode v1.3.3
[INFO] [stderr]     Checking js-sys v0.3.55
[INFO] [stderr]     Checking console_error_panic_hook v0.1.6
[INFO] [stderr]     Checking web-sys v0.3.55
[INFO] [stderr]     Checking wasm-bindgen-futures v0.4.28
[INFO] [stderr]     Checking gloo-events v0.1.1
[INFO] [stderr]     Checking gloo-timers v0.2.1
[INFO] [stderr]     Checking gloo-console-timer v0.1.0
[INFO] [stderr]     Checking gloo-render v0.1.0
[INFO] [stderr]     Checking gloo-storage v0.1.0
[INFO] [stderr]     Checking gloo-dialogs v0.1.0
[INFO] [stderr]     Checking gloo-console v0.1.0
[INFO] [stderr]     Checking gloo-file v0.1.0
[INFO] [stderr]     Checking gloo v0.2.1
[INFO] [stderr]     Checking gloo v0.3.0
[INFO] [stderr]     Checking i-tried-learning-yew-rust-but-got-transported-to-another-world-and-reincarnated-as-a-shogi-board v0.1.0 (/opt/rustwide/workdir)
[INFO] [stdout] warning: the feature `bool_to_option` has been stable since 1.62.0 and no longer requires an attribute to enable
[INFO] [stdout]  --> src/main.rs:2:12
[INFO] [stdout]   |
[INFO] [stdout] 2 | #![feature(bool_to_option)]
[INFO] [stdout]   |            ^^^^^^^^^^^^^^
[INFO] [stdout]   |
[INFO] [stdout]   = note: `#[warn(stable_features)]` on by default
[INFO] [stdout] 
[INFO] [stdout] 
[INFO] [stdout] error[E0635]: unknown feature `option_result_contains`
[INFO] [stdout]  --> src/main.rs:1:12
[INFO] [stdout]   |
[INFO] [stdout] 1 | #![feature(option_result_contains)]
[INFO] [stdout]   |            ^^^^^^^^^^^^^^^^^^^^^^
[INFO] [stdout] 
[INFO] [stdout] 
[INFO] [stdout] warning: the feature `bool_to_option` has been stable since 1.62.0 and no longer requires an attribute to enable
[INFO] [stdout]  --> src/main.rs:2:12
[INFO] [stdout]   |
[INFO] [stdout] 2 | #![feature(bool_to_option)]
[INFO] [stdout]   |            ^^^^^^^^^^^^^^
[INFO] [stdout]   |
[INFO] [stdout]   = note: `#[warn(stable_features)]` on by default
[INFO] [stdout] 
[INFO] [stdout] 
[INFO] [stdout] error[E0635]: unknown feature `option_result_contains`
[INFO] [stdout]  --> src/main.rs:1:12
[INFO] [stdout]   |
[INFO] [stdout] 1 | #![feature(option_result_contains)]
[INFO] [stdout]   |            ^^^^^^^^^^^^^^^^^^^^^^
[INFO] [stdout] 
[INFO] [stdout] 
[INFO] [stdout] error[E0599]: no method named `contains` found for enum `Option` in the current scope
[INFO] [stdout]   --> src/board.rs:58:67
[INFO] [stdout]    |
[INFO] [stdout] 58 |                         let is_move_origin=self.props.move_origin.contains(&square);
[INFO] [stdout]    |                                                                   ^^^^^^^^ method not found in `Option<Square>`
[INFO] [stdout] 
[INFO] [stdout] 
[INFO] [stdout] error[E0599]: no method named `contains` found for enum `Option` in the current scope
[INFO] [stdout]   --> src/board.rs:59:77
[INFO] [stdout]    |
[INFO] [stdout] 59 |                         let is_move_destination=self.props.move_destination.contains(&square);
[INFO] [stdout]    |                                                                             ^^^^^^^^ method not found in `Option<Square>`
[INFO] [stdout] 
[INFO] [stdout] 
[INFO] [stdout] error[E0599]: no method named `contains` found for enum `Option` in the current scope
[INFO] [stdout]   --> src/board.rs:60:85
[INFO] [stdout]    |
[INFO] [stdout] 60 |                         let is_previous_move_origin=self.props.previous_move_origin.contains(&square);
[INFO] [stdout]    |                                                                                     ^^^^^^^^ method not found in `Option<Square>`
[INFO] [stdout] 
[INFO] [stdout] 
[INFO] [stdout] error[E0599]: no method named `contains` found for enum `Option` in the current scope
[INFO] [stdout]   --> src/board.rs:61:95
[INFO] [stdout]    |
[INFO] [stdout] 61 |                         let is_previous_move_destination=self.props.previous_move_destination.contains(&square);
[INFO] [stdout]    |                                                                                               ^^^^^^^^ method not found in `Option<Square>`
[INFO] [stdout] 
[INFO] [stdout] 
[INFO] [stdout] error[E0599]: no method named `contains` found for enum `Option` in the current scope
[INFO] [stdout]   --> src/board.rs:58:67
[INFO] [stdout]    |
[INFO] [stdout] 58 |                         let is_move_origin=self.props.move_origin.contains(&square);
[INFO] [stdout]    |                                                                   ^^^^^^^^ method not found in `Option<Square>`
[INFO] [stdout] 
[INFO] [stdout] 
[INFO] [stdout] error[E0599]: no method named `contains` found for enum `Option` in the current scope
[INFO] [stdout]   --> src/board.rs:59:77
[INFO] [stdout]    |
[INFO] [stdout] 59 |                         let is_move_destination=self.props.move_destination.contains(&square);
[INFO] [stdout]    |                                                                             ^^^^^^^^ method not found in `Option<Square>`
[INFO] [stdout] 
[INFO] [stdout] 
[INFO] [stdout] error[E0599]: no method named `contains` found for enum `Option` in the current scope
[INFO] [stdout]   --> src/board.rs:60:85
[INFO] [stdout]    |
[INFO] [stdout] 60 |                         let is_previous_move_origin=self.props.previous_move_origin.contains(&square);
[INFO] [stdout]    |                                                                                     ^^^^^^^^ method not found in `Option<Square>`
[INFO] [stdout] 
[INFO] [stdout] 
[INFO] [stdout] error[E0599]: no method named `contains` found for enum `Option` in the current scope
[INFO] [stdout]   --> src/board.rs:61:95
[INFO] [stdout]    |
[INFO] [stdout] 61 |                         let is_previous_move_destination=self.props.previous_move_destination.contains(&square);
[INFO] [stdout]    |                                                                                               ^^^^^^^^ method not found in `Option<Square>`
[INFO] [stdout] 
[INFO] [stdout] 
[INFO] [stdout] error[E0599]: no method named `clipboard` found for struct `Navigator` in the current scope
[INFO] [stdout]   --> src/shareable_link.rs:65:63
[INFO] [stdout]    |
[INFO] [stdout] 65 |                 if let Some(clipboard) = window().navigator().clipboard() {
[INFO] [stdout]    |                                                               ^^^^^^^^^ method not found in `Navigator`
[INFO] [stdout] 
[INFO] [stdout] 
[INFO] [stdout] error[E0599]: no method named `clipboard` found for struct `Navigator` in the current scope
[INFO] [stdout]   --> src/shareable_link.rs:65:63
[INFO] [stdout]    |
[INFO] [stdout] 65 |                 if let Some(clipboard) = window().navigator().clipboard() {
[INFO] [stdout]    |                                                               ^^^^^^^^^ method not found in `Navigator`
[INFO] [stdout] 
[INFO] [stdout] 
[INFO] [stdout] error: aborting due to 6 previous errors; 1 warning emitted
[INFO] [stdout] 
[INFO] [stdout] 
[INFO] [stdout] Some errors have detailed explanations: E0599, E0635.
[INFO] [stdout] 
[INFO] [stdout] For more information about an error, try `rustc --explain E0599`.
[INFO] [stdout] 
[INFO] [stderr] error: could not compile `i-tried-learning-yew-rust-but-got-transported-to-another-world-and-reincarnated-as-a-shogi-board` (bin "i-tried-learning-yew-rust-but-got-transported-to-another-world-and-reincarnated-as-a-shogi-board") due to 7 previous errors; 1 warning emitted
[INFO] [stderr] warning: build failed, waiting for other jobs to finish...
[INFO] [stdout] error: aborting due to 6 previous errors; 1 warning emitted
[INFO] [stdout] 
[INFO] [stdout] 
[INFO] [stdout] Some errors have detailed explanations: E0599, E0635.
[INFO] [stdout] 
[INFO] [stdout] For more information about an error, try `rustc --explain E0599`.
[INFO] [stdout] 
[INFO] [stderr] error: could not compile `i-tried-learning-yew-rust-but-got-transported-to-another-world-and-reincarnated-as-a-shogi-board` (bin "i-tried-learning-yew-rust-but-got-transported-to-another-world-and-reincarnated-as-a-shogi-board" test) due to 7 previous errors; 1 warning emitted
[INFO] running `Command { std: "docker" "inspect" "c52c757ea22e8728a910a9225f7e8de7fe5c93a8bc7b797204f3da5b0f2e96dd", kill_on_drop: false }`
[INFO] running `Command { std: "docker" "rm" "-f" "c52c757ea22e8728a910a9225f7e8de7fe5c93a8bc7b797204f3da5b0f2e96dd", kill_on_drop: false }`
[INFO] [stdout] c52c757ea22e8728a910a9225f7e8de7fe5c93a8bc7b797204f3da5b0f2e96dd
